What is the greatest common divisor of 502 and 82697221?
251
Calculate the highest common factor of 706676 and 7671756.
5084
What is the greatest common divisor of 395706740 and 58?
58
Calculate the highest common factor of 108 and 87932844.
108
Calculate the highest common divisor of 563983560 and 6447.
6447
What is the greatest common divisor of 37167947 and 127?
127
Calculate the highest common factor of 676634644 and 574.
574
Calculate the greatest common divisor of 22813658 and 14.
14
What is the greatest common factor of 296 and 1119992?
8
Calculate the highest common divisor of 242 and 1272029.
11
What is the highest common factor of 24786 and 97727067?
4131
What is the greatest common divisor of 114556491 and 4332?
1083
Calculate the greatest common factor of 2128223 and 21779.
29
Calculate the greatest common factor of 1258524 and 332304.
516
Calculate the highest common divisor of 5027455 and 9775.
115
Calculate the highest common divisor of 17010 and 55481370.
210
Calculate the highest common factor of 61194 and 2963961.
987
What is the highest common factor of 1190303 and 4067?
83
What is the highest common divisor of 27 and 293356044?
9
What is the greatest common factor of 3702420 and 8643?
201
What is the highest common factor of 1173924 and 7?
1
What is the highest common divisor of 6034 and 56308?
14
Calculate the greatest common divisor of 1471352 and 36.
4
Calculate the highest common factor of 31 and 141115.
1
Calculate the greatest common divisor of 106 and 3440582.
2
What is the highest common divisor of 432017 and 514?
257
Calculate the greatest common divisor of 102969081 and 519.
519
What is the highest common divisor of 5821254 and 8127?
1161
Calculate the highest common divisor of 10566702 and 2824.
706
What is the greatest common factor of 444 and 398172?
12
What is the highest common divisor of 42602109 and 28809?
3201
What is the highest common factor of 1122 and 10065088?
374
What is the greatest common factor of 62618 and 633778?
262
Calculate the highest common factor of 50072418 and 1782.
1782
Calculate the highest common divisor of 3002 and 178714.
38
What is the greatest common divisor of 26078382 and 2442?
66
What is the greatest common divisor of 555230 and 3042?
26
Calculate the greatest common factor of 2522 and 26706719.
1261
What is the highest common divisor of 52151 and 913792?
121
What is the greatest common factor of 212 and 3071191?
53
Calculate the greatest common divisor of 4635 and 669015.
45
Calculate the highest common factor of 7339078 and 102232.
1966
Calculate the greatest common factor of 41070966 and 24.
6
Calculate the greatest common factor of 883462 and 700150.
2546
Calculate the greatest common divisor of 2751 and 53850432.
393
What is the highest common divisor of 26848 and 4248160?
32
What is the greatest common divisor of 117657 and 102?
51
Calculate the greatest common divisor of 192821440 and 1180.
1180
What is the highest common divisor of 82189489 and 9852?
821
Calculate the greatest common divisor of 42 and 141145242.
42
What is the greatest common divisor of 1528 and 970064552?
1528
Calculate the highest common factor of 7803055 and 65.
65
Calculate the greatest common divisor of 404 and 36730670.
202
Calculate the greatest common divisor of 369630 and 346653.
999
What is the greatest common factor of 371065563 and 3663?
3663
Calculate the highest common divisor of 93619 and 1649.
17
What is the highest common divisor of 742 and 37058686?
14
Calculate the highest common divisor of 130836887 and 61.
61
What is the highest common factor of 54520 and 11992?
8
What is the highest common factor of 2890204 and 51?
17
What is the highest common factor of 136 and 73946974?
34
What is the greatest common factor of 6185914 and 2478?
826
What is the highest common factor of 5619369 and 735?
147
What is the highest common factor of 225127505 and 1055?
1055
What is the greatest common factor of 1768 and 4606303?
221
What is the greatest common divisor of 2358944 and 412?
4
Calculate the highest common divisor of 809627 and 118531.
2009
What is the highest common divisor of 607104848 and 112?
112
What is the highest common factor of 43762422 and 227?
227
Calculate the highest common divisor of 90190119 and 41.
41
Calculate the highest common factor of 9718918 and 5225.
209
Calculate the highest common factor of 1 and 26749870.
1
Calculate the greatest common factor of 48749 and 13980877.
1681
What is the greatest common divisor of 272 and 85531964?
68
What is the greatest common factor of 9956 and 40892180?
76
What is the greatest common divisor of 2583 and 6512030?
287
What is the highest common divisor of 1163351 and 2401?
7
What is the greatest common divisor of 63 and 3404982?
21
Calculate the greatest common factor of 1139 and 709798.
67
Calculate the greatest common factor of 2485 and 144865.
35
What is the greatest common divisor of 1158012 and 824562?
342
What is the greatest common factor of 21942272 and 640?
128
What is the highest common factor of 32912 and 6671344?
272
What is the highest common factor of 424440 and 202919?
131
Calculate the highest common divisor of 2847 and 92279811.
2847
What is the highest common factor of 264 and 1413896?
88
Calculate the greatest common divisor of 6591088 and 3430.
686
What is the greatest common divisor of 83166 and 2396874?
498
What is the highest common divisor of 74806196 and 580?
116
Calculate the highest common factor of 3416184 and 19584.
1224
What is the greatest common factor of 592528 and 63104?
464
Calculate the highest common factor of 12471 and 476346473.
4157
Calculate the greatest common divisor of 918 and 18231615.
27
Calculate the greatest common divisor of 32143692 and 84.
84
What is the highest common divisor of 400680939 and 408?
51
What is the highest common factor of 12 and 377318136?
12
Calculate the highest common divisor of 312 and 29216967.
39
What is the greatest common factor of 6776 and 1098196?
484
Calculate the highest common factor of 102191535 and 360.
45
Calculate the greatest common divisor of 937552 and 19712.
1232
What is the highest common divisor of 1659359400 and 5878?
5878
What is the highest common factor of 35904 and 1044384?
1056
What is the greatest common factor of 2157572 and 5389?
17
Calculate the highest common divisor of 75458 and 320392.
58
What is the highest common divisor of 36 and 151116?
12
What is the greatest common factor of 36181 and 41710?
97
What is the greatest common factor of 3120 and 19575920?
1040
What is the highest common factor of 60 and 166531200?
60
What is the greatest common divisor of 12936 and 22220814?
3234
What is the greatest common divisor of 108968 and 13364?
1028
Calculate the greatest common divisor of 7335468 and 2325.
93
Calculate the highest common divisor of 224025 and 102525.
75
Calculate the highest common factor of 20951967 and 3054.
1527
Calculate the greatest common divisor of 1132 and 15214.
2
Calculate the highest common divisor of 2229 and 19527.
3
Calculate the greatest common factor of 608 and 7797448.
152
What is the highest common divisor of 266 and 68626138?
266
What is the greatest common factor of 1597791375 and 45?
45
Calculate the greatest common divisor of 397000 and 125452.
1588
Calculate the greatest common divisor of 29771292 and 108.
12
Calculate the highest common factor of 1250 and 58666250.
1250
What is the greatest common factor of 17748 and 79060931?
493
Calculate the greatest common divisor of 44137 and 2071.
19
Calculate the greatest common divisor of 183415794 and 53659.
2333
Calculate the greatest common factor of 13922 and 259025771.
6961
What is the highest common factor of 738 and 108013926?
246
What is the greatest common divisor of 5531 and 53761320?
5531
Calculate the highest common factor of 23536 and 292624.
16
What is the highest common divisor of 109664 and 401304?
184
Calculate the highest common factor of 424 and 178046186.
106
What is the greatest common factor of 15424 and 46784?
64
Calculate the greatest common factor of 5277323 and 394064.
2239
What is the highest common divisor of 44344694 and 186?
62
What is the highest common divisor of 2205972 and 116928?
1044
What is the greatest common divisor o